 5808?
12
Calculate the highest common factor of 157638 and 86.
86
Calculate the greatest common factor of 118815 and 30.
15
Calculate the greatest common divisor of 22860 and 960.
60
Calculate the highest common factor of 156 and 68523.
39
What is the greatest common divisor of 57396 and 84?
12
What is the greatest common factor of 50 and 32650?
50
Calculate the highest common divisor of 9048 and 4875.
39
What is the highest common divisor of 252265 and 65?
65
Calculate the highest common factor of 23 and 12121.
23
What is the greatest common factor of 26490 and 80?
10
What is the greatest common divisor of 318 and 19398?
318
Calculate the highest common factor of 9 and 82413.
9
What is the greatest common divisor of 574 and 1277437?
287
What is the highest common factor of 6517 and 5?
1
Calculate the highest common divisor of 7 and 80479.
7
What is the greatest common divisor of 1270 and 3224530?
1270
What is the greatest common factor of 2695 and 71785?
245
Calculate the highest common factor of 330840 and 20160.
360
Calculate the greatest common factor of 657 and 4428.
9
What is the highest common divisor of 275 and 322975?
25
What is the greatest common divisor of 22575 and 161?
7
Calculate the greatest common divisor of 2348937 and 2154.
1077
Calculate the greatest common divisor of 283995 and 90.
45
Calculate the highest common divisor of 868 and 151466.
434
What is the greatest common factor of 1914 and 405438?
66
Calculate the highest common divisor of 56235 and 2967.
69
Calculate the highest common factor of 963 and 4527.
9
Calculate the highest common divisor of 1179 and 698361.
393
What is the greatest common factor of 218102 and 41792?
1306
What is the highest common factor of 56 and 8713320?
56
Calculate the highest common divisor of 1298 and 452294.
118
Calculate the greatest common factor of 35358 and 41334.
498
What is the greatest common factor of 8464 and 1888?
16
Calculate the highest common divisor of 27399 and 2.
1
Calculate the greatest common factor of 13400 and 128975.
1675
Calculate the greatest common divisor of 15 and 32895.
15
What is the greatest common factor of 424000 and 19504?
848
What is the greatest common factor of 3096 and 288?
72
What is the highest common divisor of 228904 and 30628?
1612
Calculate the greatest common divisor of 884 and 8160.
68
Calculate the greatest common factor of 1965 and 14148.
393
What is the greatest common divisor of 93 and 557969?
31
What is the greatest common factor of 118013 and 1449?
161
Calculate the greatest common factor of 102522 and 56.
14
What is the greatest common divisor of 2526870 and 30?
30
What is the greatest common factor of 765 and 21060?
45
What is the greatest common divisor of 237267 and 12217?
643
What is the highest common factor of 611 and 179023?
611
What is the highest common factor of 97017 and 6?
3
What is the highest common factor of 1470 and 85530?
30
Calculate the greatest common factor of 30213 and 162.
81
What is the highest common factor of 65 and 5?
5
What is the highest common divisor of 658 and 5734?
94
Calculate the greatest common factor of 59 and 3231135.
59
Calculate the greatest common factor of 492 and 72.
12
Calculate the highest common divisor of 43216 and 222.
74
What is the greatest common divisor of 34 and 34765?
17
What is the highest common divisor of 8626320 and 20?
20
What is the greatest common factor of 270225 and 525?
75
What is the highest common factor of 988 and 3068424?
76
What is the greatest common factor of 646 and 88825?
323
What is the highest common divisor of 662615 and 5?
5
Calculate the highest common divisor of 1701 and 4032.
63
What is the highest common divisor of 4069440 and 942?
942
Calculate the greatest common factor of 64188 and 2142.
18
Calculate the highest common divisor of 512890 and 476.
238
Calculate the greatest common factor of 1342395 and 1035.
1035
What is the greatest common factor of 114844 and 4?
4
Calculate the greatest common factor of 2093 and 1085.
7
What is the highest common factor of 330 and 157190?
110
What is the greatest common divisor of 496 and 182032?
496
Calculate the highest common factor of 6657 and 15309.
21
What is the greatest common divisor of 775 and 1426?
31
Calculate the greatest common factor of 113338 and 244.
122
Calculate the highest common divisor of 169974 and 284.
142
What is the greatest common divisor of 154 and 129668?
154
Calculate the highest common divisor of 533 and 122590.
533
What is the highest common divisor of 2 and 48406?
2
Calculate the greatest common divisor of 473064 and 6.
6
Calculate the greatest common factor of 105537 and 1143.
381
What is the greatest common factor of 640 and 37552?
16
What is the greatest common divisor of 1450 and 298990?
290
Calculate the greatest common divisor of 280 and 190120.
280
Calculate the greatest common factor of 74 and 164317.
37
Calculate the greatest common divisor of 13680 and 630.
90
Calculate the highest common factor of 691603 and 11.
11
What is the greatest common factor of 154 and 2807?
7
What is the highest common divisor of 64 and 96080?
16
What is the highest common divisor of 354996 and 36?
36
Calculate the greatest common divisor of 247 and 3341.
13
Calculate the greatest common factor of 11653 and 473.
43
Calculate the greatest common divisor of 97320 and 60.
60
Calculate the greatest common divisor of 73778 and 12284.
74
What is the highest common factor of 630 and 80745?
105
Calculate the highest common factor of 825568 and 80.
16
Calculate the highest common factor of 9731 and 2630.
263
Calculate the highest common divisor of 48626 and 410.
82
What is the greatest common factor of 91984 and 592?
16
Calculate the greatest common factor of 24 and 352404.
12
Calculate the greatest common factor of 33319 and 1782.
11
Calculate the greatest common factor of 7047 and 135.
27
Calculate the highest common factor of 10064 and 612.
68
Calculate the highest common factor of 90 and 5094225.
45
What is the greatest common factor of 624 and 82524?
156
What is the highest common divisor of 40845 and 245?
35
Calculate the greatest common divisor of 4064 and 103886.
254
Calculate the highest common factor of 238 and 16814.
14
What is the greatest common factor of 427737 and 357?
51
What is the highest common divisor of 63 and 40563?
9
What is the greatest common divisor of 336400 and 9200?
400
What is the greatest common factor of 118 and 163489?
59
What is the greatest common factor of 1116 and 361026?
558
What is the highest common factor of 1281 and 10675?
427
Calculate the highest common divisor of 817464 and 6.
6
What is the greatest common divisor of 176 and 445008?
16
What is the greatest common divisor of 301275 and 234?
117
Calculate the highest common factor of 1484 and 3668.
28
What is the highest common factor of 704 and 35552?
352
What is the greatest common factor of 27462 and 1104?
138
What is the greatest common divisor of 1784 and 360?
8
What is the greatest common factor of 1197 and 11457?
171
What is the highest common factor of 945 and 525?
105
What is the greatest common factor of 11505 and 151099?
767
What is the greatest common factor of 1617 and 4884?
33
Calculate the highest common factor of 684 and 6678.
18
Calculate the greatest common factor of 40476 and 8484.
12
Calculate the greatest common factor of 21473 and 545.
109
Calculate the highest common factor of 4845843 and 477.
477
Calculate the highest common divisor of 32 and 2406344.
8
What is the greatest common factor of 8 and 622408?
8
Calculate the highest common factor of 33396 and 10212.
276
What is the highest common divisor of 42 and 72856?
14
Calculate the highest common divisor of 4345 and 7546.
11
Calculate the highest common factor of 2802720 and 96.
96
What is the greatest common divisor of 308208 and 528?
48
What is the greatest common divisor of 198303 and 24069?
213
Calculate the highest common factor of 379237 and 1769.
61
Calculate the greatest common factor of 33855 and 8880.
555
Calculate the greatest common factor of 344 and 2512.
8
What is the greatest common factor of 1316 and 304325?
329
What is the highest common factor of 75 and 36480?
15
What is the highest common factor of 1472 and 147328?
64
Cal